{"id":9571,"date":"2024-03-08T23:02:57","date_gmt":"2024-03-08T23:02:57","guid":{"rendered":"https:\/\/leosparts.com\/?post_type=product&#038;p=9571"},"modified":"2024-03-08T23:03:33","modified_gmt":"2024-03-08T23:03:33","slug":"soporte-de-exploradora-bajaj-pulsar-ns200-instalacion-1","status":"publish","type":"product","link":"https:\/\/leosparts.com\/?product=soporte-de-exploradora-bajaj-pulsar-ns200-instalacion-1","title":{"rendered":"SOPORTE DE EXPLORADORA BAJAJ PULSAR NS200"},"content":{"rendered":"","protected":false},"excerpt":{"rendered":"<p>Un soporte de exploradora para moto es un accesorio dise\u00f1ado para montar luces auxiliares o exploradoras en la motocicleta. Estas luces adicionales, tambi\u00e9n conocidas como faros auxiliares o luces de conducci\u00f3n, son utilizadas para mejorar la visibilidad del conductor durante la noche o en condiciones de poca luz.<\/p>\n<p>Caracter\u00edsticas<\/p>\n<p>-Acero al carbono<\/p>\n<p>-pintura electroest\u00e1tica<\/p>\n","protected":false},"featured_media":9573,"comment_status":"open","ping_status":"closed","template":"","meta":[],"product_cat":[15],"product_tag":[97,143,133],"class_list":{"0":"post-9571","1":"product","2":"type-product","3":"status-publish","4":"has-post-thumbnail","6":"product_cat-leosparts","7":"product_tag-bajaj","8":"product_tag-pulsar-ns200","9":"product_tag-soporte","10":"pa_marca-bajaj","12":"first","13":"instock","14":"shipping-taxable","15":"purchasable","16":"product-type-simple"},"_links":{"self":[{"href":"https:\/\/leosparts.com\/index.php?rest_route=\/wp\/v2\/product\/9571","targetHints":{"allow":["GET"]}}],"collection":[{"href":"https:\/\/leosparts.com\/index.php?rest_route=\/wp\/v2\/product"}],"about":[{"href":"https:\/\/leosparts.com\/index.php?rest_route=\/wp\/v2\/types\/product"}],"replies":[{"embeddable":true,"href":"https:\/\/leosparts.com\/index.php?rest_route=%2Fwp%2Fv2%2Fcomments&post=9571"}],"version-history":[{"count":2,"href":"https:\/\/leosparts.com\/index.php?rest_route=\/wp\/v2\/product\/9571\/revisions"}],"predecessor-version":[{"id":9575,"href":"https:\/\/leosparts.com\/index.php?rest_route=\/wp\/v2\/product\/9571\/revisions\/9575"}],"wp:featuredmedia":[{"embeddable":true,"href":"https:\/\/leosparts.com\/index.php?rest_route=\/wp\/v2\/media\/9573"}],"wp:attachment":[{"href":"https:\/\/leosparts.com\/index.php?rest_route=%2Fwp%2Fv2%2Fmedia&parent=9571"}],"wp:term":[{"taxonomy":"product_cat","embeddable":true,"href":"https:\/\/leosparts.com\/index.php?rest_route=%2Fwp%2Fv2%2Fproduct_cat&post=9571"},{"taxonomy":"product_tag","embeddable":true,"href":"https:\/\/leosparts.com\/index.php?rest_route=%2Fwp%2Fv2%2Fproduct_tag&post=9571"}],"curies":[{"name":"wp","href":"https:\/\/api.w.org\/{rel}","templated":true}]}}